- -12. Suppose -f*t + 42 + 18 = 0. Calculate the greatest common factor of t and k.
3
Suppose 2*l + 7 = 35. Let q = l - 6. What is the greatest common factor of 20 and q?
4
Suppose 2*l - 33*s = -30*s + 1875, -3740 = -4*l - 4*s. What is the highest common divisor of l and 12?
12
Suppose 5*i = 23 + 32. Suppose -6*k = -4*k + 76. Let q = k - -126. Calculate the highest common divisor of q and i.
11
Let i(l) = -l**3 - 6*l**2 - 7. Let z be i(-7). Let q = z - 32. Calculate the greatest common divisor of q and 90.
10
Let q(l) = -2*l**2 - 11*l - 34. Let y be q(-7). Let p = y + 135. Calculate the highest common factor of p and 16.
16
Suppose -3*c = 2*c - 3*z - 689, 3*c - z = 411. Calculate the highest common factor of 14 and c.
2
Suppose 20 - 8 = 6*z. Suppose 0 = 5*o - m - 88, z*o - 4*o = m - 31. What is the highest common factor of 17 and o?
17
Let h(w) be the first derivative of 13*w**2 - 3*w - 7. Let l be (-3 + (-38)/(-12))*6 - -2. Let r be h(l). Calculate the greatest common factor of 15 and r.
15
Let z(c) = -6*c - 23. Let m be z(-4). Let q(s) = -s**3 + 60 - 10*s - 60 - 10*s**2. Let v be q(-9). What is the greatest common factor of v and m?
1
Let p(u) = 2*u**3 + 21*u**2 + 8*u - 4. Let c be p(-8). What is the greatest common factor of 18 and c?
18
Let i = -14 - -25. Suppose f + 3*n = -3*f + i, -2*f + 13 = -n. Suppose -3*q - 630 - 33 = -f*b, b - 127 = -5*q. Calculate the highest common factor of b and 12.
12
Let u = -186 - -251. Calculate the highest common factor of 26 and u.
13
Let g = -3 + -1. Let d be 30/(-4)*g/(-6). Let j be 138/d*(-50)/15. Calculate the greatest common divisor of j and 23.
23
Suppose 0 = -4*h + 4*q + 276, 2*h - 5*q + 41 - 194 = 0. Suppose 4*g - h = 3*g. Calculate the highest common factor of 16 and g.
16
Suppose -v + 292 = -460. Suppose -4*t + v = -3*y - 0*y, -3*t - 3*y = -564. What is the greatest common divisor of 47 and t?
47
Suppose 2*r + 542 = 2*k, -1370 = 8*k - 13*k + 2*r. Calculate the highest common factor of k and 36.
12
Let n = 1113 + -188. What is the greatest common factor of 37 and n?
37
Suppose 0 = 6*x - 5 - 7. Let a(p) = -x + p + 9*p + p**3 - 10*p**2 + 12. Let y be a(10). What is the highest common factor of y and 44?
22
Let g = 3495 + -1570. What is the highest common factor of g and 350?
175
Let c = 498 - 482. Calculate the highest common factor of 1 and c.
1
Let b be 30 + -31 + (-1)/((-1)/3). Let r be 24 + 1/b*4. What is the highest common divisor of 26 and r?
26
Let h(s) = -s**3 + 11*s**2 + 13*s - 5. Let o be h(12). Let p be (60/(1 - -2))/((-2)/(-7)). What is the greatest common divisor of o and p?
7
Let c be 65251/345 - (-2)/(-15). Calculate the greatest common factor of c and 7.
7
Let o = -194 + 218. Calculate the greatest common factor of o and 184.
8
Let s = 33 - 31. Let h(v) = v**3 + 11*v**2 + 8*v - 8. Let b be h(-10). Suppose 0 = u - 2*d + 5, 0 = 5*d - b - 3. What is the greatest common factor of s and u?
1
Let h(l) = -l**2 - 9*l + 26. Let i be h(-7). Calculate the greatest common factor of 90 and i.
10
Let a = 157 - -263. What is the greatest common divisor of 120 and a?
60
Suppose 4*u = -8*u + 240. Let m be (-2)/(-7) - (-2)/(-7). Suppose m = -5*f + 35 + u. What is the greatest common divisor of 44 and f?
11
Let k(v) = -v**3 + 22*v**2 - 15*v + 179. Let u be k(14). What is the greatest common divisor of 29 and u?
29
Suppose 0 = 2*j - 0*j - 14. Let p be (-2)/7 - (-194)/(-7). Let o = -21 - p. Calculate the highest common factor of j and o.
7
Let j = 10 - -62. Suppose 23 = 6*o - 25. What is the highest common factor of o and j?
8
Suppose -18 = -3*a - m + 4*m, 5*a = m + 22. Suppose 0 = a*f - 12*f + 2000. Calculate the highest common factor of f and 10.
10
Let m(d) = -3*d - 4. Let h be m(-2). Suppose -h*z = 4*b - 60, 5*z = -5*b - 19 + 89. What is the highest common divisor of b and 8?
8
Suppose -a = 2*a - 9. Let b(c) = -c**3 - 10*c**2 - 9*c + 10. Let r be b(-9). Let n be 30*(44/r + -4). What is the greatest common divisor of n and a?
3
Suppose -7*o + 2058 + 539 = 0. Calculate the highest common divisor of o and 53.
53
Let t be -1 - -7 - (22 - 20). Calculate the highest common divisor of 8 and t.
4
Let j be 4/10 - (-2728)/165*3. Calculate the highest common factor of j and 230.
10
Let l be -1*1*(5 - -14). Let m = l - -8. Let t(v) = v + 27. Let q be t(m). What is the highest common divisor of q and 4?
4
Let r(g) = -g**3 - 8*g**2 - 6*g + 10. Suppose 7*v = 2*v - 35. Let x be r(v). Let n be (-3)/(x/(-8)) - -2. What is the highest common factor of 5 and n?
5
Suppose -5*m - 124 = 3*h, -4*h + 3*m + 96 = 300. Let d = -34 - h. Suppose 6 = 2*p + p. What is the highest common factor of p and d?
2
Suppose 4*p = 35 + 9. Calculate the highest common divisor of 297 and p.
11
Let v = -722 + 1216. Calculate the highest common divisor of v and 38.
38
Let a be (-34)/(-14) + (-12)/28. Let r be -2 - (8*-2 + a). Let o be r/(-30) + 34/10. Calculate the greatest common divisor of 3 and o.
3
Suppose -4*h = -3*p + 29 - 106, -4*h + 5*p + 83 = 0. Let t be (-2)/h + 4224/68. Suppose 2*i + 2 - t = 0. Calculate the highest common divisor of i and 15.
15
Suppose 0 = 12*v - 7883 - 4993. What is the highest common divisor of v and 29?
29
Let p be 1/2 - 10/(-4). Suppose -3*n = -4*n + p. Suppose -n*v = -2*v - 112. Calculate the greatest common divisor of 16 and v.
16
Let m = 4 + 0. Suppose -m*r + 2*k + 77 = 19, -4*k = r - 19. Let i(v) = 13*v + 229. Let o be i(-13). What is the highest common factor of o and r?
15
Suppose -20*c + 24*c = 12. Suppose 0 = 3*a - 3*k - 3, -4*a - 5*k + 16 - c = 0. What is the highest common divisor of 6 and a?
2
Suppose a - 2*a = 3*u - 70, 2*a + 2*u = 124. Let q = a - 37. What is the greatest common divisor of 189 and q?
21
Let r be (-15)/(-20)*220/15. What is the greatest common factor of 187 and r?
11
Suppose 16 = 3*b - 0*r + 2*r, 0 = -b + 2*r - 8. Let h be (-3 + -21 - 0)*(-1)/b. What is the highest common divisor of h and 12?
12
Let g = -92 + 142. Suppose -p + 74 + g = 3*n, 2*n = -4. Calculate the greatest common divisor of 10 and p.
10
Suppose -3*h + h + 2 = 0, -f = 2*h - 17. Calculate the highest common divisor of 105 and f.
15
Suppose -7*k = 3*k - 60. Let i(d) = -d**3 + 8*d**2 - 10*d + 4. Let t be i(k). Calculate the highest common factor of 16 and t.
16
Let l be 0/(5/5 + -3). Let h be -2 + (8/20 - l)*75. What is the highest common divisor of h and 196?
28
Suppose -2*t + 3*t = 2. Let m(j) = 19*j**2 - j - 2. Let r be m(-1). Calculate the greatest common divisor of t and r.
2
Let h be -62*21*5/30*-2. Calculate the highest common factor of h and 7.
7
Let r be (30/(-7))/((-15)/210). What is the greatest common divisor of r and 45?
15
Let t be (-1 + 7/4)*(132 + -12). Calculate the highest common divisor of t and 20.
10
Let z(g) = -4*g + 23. Let t be z(5). Let p be -72*(-3)/(-2)*t/(-9). What is the greatest common divisor of 24 and p?
12
Suppose -5*z + 1440 = -4*j - 0*j, -3*j = z - 307. Suppose z = 5*w - 673. Let y = w + -123. What is the greatest common divisor of 10 and y?
10
Let d be ((-9)/(-4))/((-22)/(-264)). Suppose -d = -y - 3. What is the highest common divisor of y and 168?
24
Suppose 13*y - 15*y = 3*c - 126, -y = 2*c - 85. What is the highest common divisor of 44 and c?
44
Let w = -1993 - -2001. What is the highest common factor of 22 and w?
2
Let w(t) = -2*t - 16. Let x be w(-7). Let u be -1 + 79 - -5*x/10. What is the highest common divisor of 7 and u?
7
Let f(k) = -k**3 + 3*k**2 + 7*k. Let z be f(4). Let p be (-2)/6 - (-604)/z. Calculate the greatest common factor of p and 10.
10
Let n(k) = -7 + 16 - k**2 - 2*k - 5 - 3*k. Let h be n(-5). Let a be 2/(-3) - 20/(-3). What is the greatest common factor of h and a?
2
Let r = 773 + -389. What is the highest common divisor of r and 16?
16
Let x(y) = y**3 + 4*y**2 - 18*y + 15. Let m be x(-6). What is the highest common factor of m and 51?
51
Let v(h) = -h + 184. Let u be v(0). Let z(b) = -b**3 - 7*b**2 - 3*b - 10. Let a be z(-7). Let t = 34 - a. What is the highest common divisor of t and u?
23
Let f(l) = 3*l**2 + 4*l - 17. Let z be f(5). Suppose -77*x + z*x = 234. What is the greatest common factor of 18 and x?
18
Let a = -29 + 42. Suppose -1 + a = k. Suppose k*g = 9*g + 21. What is the greatest common factor of 14 and g?
7
Let s = 45 + -27. Let v = s - 10. S